6 divide l?
False
Suppose 3*y - 3 = -5*r - 7, 4*r + 2*y = -2. Suppose 7*x = 6*x + r. Suppose 3*l = x + 11. Does 4 divide l?
True
Does 9 divide (6/25)/(-3) - (-7991786)/2950?
True
Suppose 5*p - 10 = 0, 4*p - 560 = -4*f + f. Is 3 a factor of f?
False
Let o = -546 + 597. Is o a multiple of 17?
True
Suppose 3 + 1 = n. Suppose t = 4*c - 0*c + n, -4*t + 5 = -5*c. Suppose t = -3*s + 4*o + 24, -2*s = s - 3*o - 27. Is s a multiple of 11?
False
Suppose 0 = 3*j - j + 4*m - 968, -2*m = 3*j - 1444. Is 24 a factor of j?
True
Suppose 26*m = -1605 + 4803. Does 11 divide m?
False
Let w be (6/(-18))/((-1)/(-6)). Let a be w - -3 - (-1 - -6). Does 13 divide 13 - (-3 - a) - -1?
True
Let f(m) = -5*m**3 - 3*m**2 + 10*m + 8. Is 9 a factor of f(-5)?
False
Let n = -503 + 533. Does 30 divide n?
True
Let s(o) = o**3 - 3*o**2 - o + 1. Let z be s(2). Does 9 divide (2 - 84/(-10))/((-1)/z)?
False
Let t be 2 + 25/(-10)*2. Is (t/5 + 4/(-10))*-48 a multiple of 24?
True
Suppose 2*n = 5*x + 89, -3*n + 24 + 43 = -4*x. Let j = -15 - x. Suppose -u = -2 - j. Is 6 a factor of u?
True
Let j = -1 + 8. Let m(s) = s**2 - 8*s + 10. Let b be m(j). Suppose -4*p - 2*c + b*c + 322 = 0, -5*p = -3*c - 406. Is p a multiple of 20?
True
Suppose h + 3 = -y, -43 = 5*y - 5*h + 2. Does 10 divide (y - (-140)/21) + (-148)/(-3)?
True
Does 21 divide 43 + ((-8)/(-14))/((-2)/(-14))?
False
Let w be (-5)/5 + (1 - 2). Let n = w + 78. Suppose n = 3*s + 2*h, -3*s + 44 = -s + 3*h. Is 7 a factor of s?
True
Let q be (8/(-2) - 3) + 4. Is q/(-7) + 666/14 a multiple of 8?
True
Suppose -3*u = -4 - 2. Suppose 1 - 5 = 4*o, 2*p - 22 = -u*o. Is 6 a factor of p?
True
Let m be (-278)/6 + 4/(-6). Let w = 121 + m. Does 32 divide w?
False
Let a = 225 + -42. Let g = 374 - a. Is g a multiple of 8?
False
Let q(d) = d**3 + 14*d**2 - 8*d - 2. Suppose 67*o = 68*o + 14. Is q(o) a multiple of 11?
True
Let y(n) = -n**3 + 5*n**2 + 4*n + 5. Let d be y(4). Suppose -d + 3 = -2*b. Is 2 a factor of b?
False
Let b(v) = v**3 + 14*v**2 + 8*v - 13. Let p(f) = f**2 - 10*f - 4. Let r be p(9). Is 26 a factor of b(r)?
True
Let j(n) = -n**2 + 17*n - 6. Let x be j(15). Suppose -k = 3*k - x. Suppose 0 = 4*z - 3*z - k. Does 6 divide z?
True
Let w(q) = 15*q - 87. Is 31 a factor of w(15)?
False
Let n = -12 - -2. Let g(d) = -7*d + 22. Is g(n) a multiple of 23?
True
Suppose 4*q = -3*z - 7, -2*z - 2*q + 4 = 2*z. Suppose -2 + 22 = -5*k, 0 = z*f + 3*k + 195. Let o = 148 + f. Is 23 a factor of o?
False
Suppose 0 = s + 9 + 36. Let w = 242 - s. Suppose 4*u = w - 87. Is 11 a factor of u?
False
Suppose 5*x + 4*c - 100 - 310 = 0, 3*x = c + 246. Let s = -25 + x. Is s a multiple of 19?
True
Let q(s) = -s**2 + 3 - 10*s**3 + 16*s**3 + s - 3*s**3 - 4*s**3. Let t be q(0). Suppose -55 = -t*d + 2*d. Does 11 divide d?
True
Let h = 65 - 8. Let m = 131 - h. Is m a multiple of 4?
False
Suppose 84*c = 78*c + 10458. Is c a multiple of 37?
False
Suppose 0 = 2*o - 18 - 10. Let d = o - 10. Suppose l - 2*w = -3, d*w - 1 = -4*l + 23. Does 3 divide l?
True
Suppose 0 = 2*f + 10, -2*t - 4*f = -0*f - 224. Suppose -3*h + h = -370. Let y = h - t. Is 16 a factor of y?
False
Let h(j) = 6 - j - 4 + 9*j + j**3 + 10*j**2 - 1. Is 8 a factor of h(-4)?
False
Suppose -4*h + 4*b = -144, -31*h + 36*h + 4*b = 153. Suppose 5*o + 46 = -4. Is 6 a factor of (-36)/o*55/h?
True
Suppose 0 = -4*q + 2 + 62. Let b = q - -72. Is 44 a factor of b?
True
Let b = -27 + 29. Suppose -2*u + 36 + 19 = m, b*m = u + 115. Is 19 a factor of m?
True
Let g be 570/18 + (-1)/(-3). Suppose -36 = 3*m + 33. Let z = m + g. Does 9 divide z?
True
Let x(i) = -13*i - 25. Let u be x(-8). Suppose 0 = -17*q + 2136 - u. Does 17 divide q?
False
Let w = 5 + 3. Suppose -2 - w = -5*p. Suppose -5*q - 62 = -3*s, 5*q = p*s + 1 - 34. Is s a multiple of 15?
False
Suppose -3*q + 3588 = -3*t, -3*t = -3*q - 8*t + 3596. Is 9 a factor of q?
True
Let s(o) = -48*o + 8. Let p be s(-5). Suppose 5*x + 125 + 50 = 3*q, 4*q - 3*x = p. Is 3 a factor of q?
False
Let x(j) = j**2 - 3*j - 2. Let h be ((-10)/(-3))/((-4)/(-6)). Let q be x(h). Does 12 divide (82/q)/(7/28)?
False
Suppose 0 = 2*h - 10, 0 = -0*l - 2*l - 4*h + 28. Suppose -l*s + 0*s + 224 = 0. Does 15 divide s?
False
Is 0 + 21/(189/3366) a multiple of 5?
False
Let r(l) = l**3 + 15*l**2 + 4*l - 15. Let q be r(-13). Let p = 75 - q. Let f = -88 - p. Does 32 divide f?
False
Is 5 a factor of (-453390)/(-935) + (-2)/(-22)?
True
Does 33 divide -3 + 1680 - 80/10?
False
Suppose -i + 2*d + 119 = 0, 10*d + 110 = i + 5*d. Let p = i - 70. Is p a multiple of 4?
False
Let x = 18 + -10. Suppose 89 = x*w - 95. Is 7 a factor of w?
False
Let d = -57 - -97. Suppose 2*b - 15 = -3*f + 10, 4*f = -4*b + d. Is 16 - ((-25)/(-5))/b a multiple of 3?
True
Suppose 15*u = 6740 + 460. Does 47 divide u?
False
Suppose 145 = 34*i - 29*i. Does 16 divide i?
False
Suppose k + 5 = 0, -5*d - 2*k = -7 + 2. Suppose 4*r - 96 = -4*x - x, -x + d*r + 23 = 0. Is x a multiple of 5?
True
Let t(x) = 3*x + 19. Let u be t(-7). Is 6 a factor of (-4)/(-8)*91 - u/4?
False
Suppose -4*h - i - 3*i + 876 = 0, 4*h - 2*i - 882 = 0. Is 22 a factor of h?
True
Let w(o) = -o + 6. Suppose 2*t - 4 = 2. Let a be (1 + -9)/(3/t). Is 7 a factor of w(a)?
True
Let h be 2/(-7) + (-156)/42. Let s be 3*(-2)/(-6) + -3. Is 4 a factor of -3 - (-14)/h*s?
True
Suppose -2653 = -7*n - 1050. Suppose 8*s - 259 = n. Is 7 a factor of s?
False
Suppose -4*z = -4*j - 2744, z + j = -0*j + 684. Does 31 divide z?
False
Let k = 113 - 184. Let u = -12 - k. Does 4 divide u?
False
Let g(j) = 2 + 13*j**2 - 2 - 5 - 7*j - j**3. Is 17 a factor of g(12)?
False
Is ((-2418)/310)/((-1)/5) even?
False
Let h = 5 - 4. Suppose -5*r - h = -6. Is (r - -28) + 0/8 a multiple of 19?
False
Suppose -5*q - 6 = -4*q. Let x be 45/q*(-104)/6. Suppose 3*y - x = -2*y. Does 10 divide y?
False
Suppose -1 = -v, -4*i + 25 = 3*v + 6. Let n(s) = 8*s - 8 - i + 5 + 2*s**2. Is 20 a factor of n(-7)?
False
Suppose 0 = -4*p + 12*p - 1592. Suppose 0 = -5*u - 20, 0 = -2*c + 3*u - 53 + p. Is 9 a factor of c?
False
Let f(h) = h**3 - 7*h**2 - 9*h + 8. Let m = 19 + -11. Let t be f(m). Suppose 4*k - 84 - 108 = t. Does 24 divide k?
True
Let r be -6*((-1)/(-1))/(-2). Suppose 0 = r*q + 3*t - 30, 0*q + 4*q + t - 25 = 0. Does 3 divide q?
False
Suppose 5*x + 4*o - 221 = 0, -3*x - 5*o + 7*o = -137. Is x a multiple of 2?
False
Suppose 97*r - 71181 = 19611. Is r a multiple of 13?
True
Let y be (493/(-34))/((-1)/(-2)). Let l = -3 - y. Does 3 divide l?
False
Let u = -121 + 69. Is 13 a factor of (-5)/(-2)*2/(-10)*u?
True
Suppose -4*s + 6*s = 122. Suppose 177 = 2*k - s. Is k a multiple of 17?
True
Let j be 4935/6 + -3 + (-2)/(-4). Suppose -9*d + 4*d = 4*w - j, 0 = -4*d + 5*w + 615. Is 10 a factor of d?
True
Suppose 2*p - 657 = -5*n + 2*n, 0 = 5*n - 3*p - 1114. Suppose 0 = 7*x - 52 - n. Does 13 divide x?
True
Let y = -40 + 7. Let o be (2/6)/(2/54). Is o/(-2 - 1)*y a multiple of 26?
False
Let y(n) = -35*n + 1 - 17*n + 3. Let g = 374 - 376. Is y(g) a multiple of 27?
True
Let t be (-13980)/(-52) - (-6)/39. Let f = -115 + t. Is f a multiple of 11?
True
Does 19 divide 14183/39 + (-1)/(-3) + 2?
False
Let d be 5*-6*4/(-12). Does 13 divide 127/5 + -1*4/d?
False
Let i(n) = 4*n**2. Suppose 2*q - 5*c = -2 - 5, 0 = 2*q + 5*c - 3. Let h be i(q). Is 26 a factor of h/16 - 103/(-4)?
True
Let x be 4788/45 - (-6)/10. Suppose -37 = -4*s + x. Is 9 a factor of s?
True
Let h be (0 - 2)*(3 + -4). Suppose 3*g - 4*f = -f + 165, -2*g = h*f - 122. Is 27 a factor of g?
False
Suppose -2*s - 196 = -3*v, -3*v + 194 = -2*s + s. Suppose 0*g + 2*r = g - 30, 2*r = 2*g - v. Is g a multiple of 3?
False
Let q(g) = 19*g - 4. Let p(v) = -v**3 + 5*v**2 - 2*v - 5. Let d be p(4). Suppose -2*b = -j - 0*j - d, -2*b - 3*j = -15. Is q(b) a multiple of 11?
False
Suppose -20 = -n - 4*n. Suppose -4*j - s + 56 = -3*s, n*s = -5*j + 83. Suppose -2*v + 111 = 5*k + 10, 0 = 5*v - j. Is 15 a factor of k?
False
Suppose 147 - 129 = -6*v. Suppose -3 = -2*w + 21. Is 6 a factor of v/w*-4*17?
False
Suppose 2*n + 1 = -2*q - 5, -3*q = 5*n + 13. Let o be 0 + 2 - (q + 1). Does 18 divide ((-351)/13)/((-3)/o)?
True
Let d = -31 + 33. Suppose -6*k - 5 = -k - n, 4*n - 2 = d*k. Is k/(-3)*(-162)/(-3) a multiple of 9?
True
Suppose -18*u + 381 = -627. Does 7 divide u?
True
Suppose 2*v - 5 - 1 = 0. Suppose -v = -a + 7. Suppose -67 